ainder when 125715343 is divided by 146?
145
What is the remainder when 22297701 is divided by 1732?
1665
Calculate the remainder when 772039 is divided by 193008.
7
What is the remainder when 1101691 is divided by 100153?
8
What is the remainder when 14225630 is divided by 19172?
6
Calculate the remainder when 140171 is divided by 1311.
1205
What is the remainder when 39452 is divided by 7012?
4392
What is the remainder when 55156331 is divided by 1861?
13
What is the remainder when 1967475 is divided by 31229?
48
What is the remainder when 16329358 is divided by 240?
238
Calculate the remainder when 389261 is divided by 41.
7
Calculate the remainder when 319594 is divided by 12782.
44
Calculate the remainder when 828830 is divided by 63753.
41
Calculate the remainder when 112331 is divided by 450.
281
Calculate the remainder when 13171188 is divided by 34122.
96
Calculate the remainder when 258045 is divided by 2047.
123
What is the remainder when 289180 is divided by 8280?
7660
What is the remainder when 42309 is divided by 14103?
0
Calculate the remainder when 1281755 is divided by 25132.
23
What is the remainder when 315071 is divided by 15726?
551
What is the remainder when 197286 is divided by 39402?
276
Calculate the remainder when 39265899 is divided by 8043.
8016
What is the remainder when 5609 is divided by 505?
54
What is the remainder when 870109 is divided by 623?
401
What is the remainder when 3926013 is divided by 81?
24
What is the remainder when 5871718 is divided by 40?
38
What is the remainder when 735870 is divided by 430?
140
What is the remainder when 1393300 is divided by 139321?
90
Calculate the remainder when 26969 is divided by 13141.
687
What is the remainder when 33377960 is divided by 1540?
0
What is the remainder when 1713129 is divided by 1910?
1769
What is the remainder when 53425 is divided by 109?
15
What is the remainder when 49793541 is divided by 89?
88
What is the remainder when 683101 is divided by 2108?
109
What is the remainder when 6927634 is divided by 3463718?
198
What is the remainder when 795305 is divided by 71?
34
What is the remainder when 1211298 is divided by 302824?
2
Calculate the remainder when 1107058 is divided by 627.
403
What is the remainder when 1184584 is divided by 310?
74
What is the remainder when 26481999 is divided by 511?
446
What is the remainder when 103098509 is divided by 506?
503
Calculate the remainder when 17511284 is divided by 940.
24
Calculate the remainder when 287320 is divided by 2902.
22
What is the remainder when 411450609 is divided by 8553?
8544
What is the remainder when 140719626 is divided by 1035?
1026
What is the remainder when 4891 is divided by 1363?
802
Calculate the remainder when 292799 is divided by 1245.
224
Calculate the remainder when 314953 is divided by 4110.
2593
Calculate the remainder when 2927740 is divided by 3346.
3336
What is the remainder when 163538369 is divided by 89463?
5
Calculate the remainder when 1327243 is divided by 28.
15
Calculate the remainder when 32929 is divided by 1605.
829
What is the remainder when 11999350 is divided by 5999663?
24
What is the remainder when 5332887 is divided by 149?
28
What is the remainder when 18366460 is divided by 17677?
57
Calculate the remainder when 63532 is divided by 6876.
1648
What is the remainder when 116552 is divided by 3333?
3230
Calculate the remainder when 103754473 is divided by 43.
31
Calculate the remainder when 125269187 is divided by 466.
465
What is the remainder when 1076724 is divided by 538299?
126
Calculate the remainder when 60891 is divided by 426.
399
What is the remainder when 312521 is divided by 104126?
143
What is the remainder when 800056 is divided by 266033?
1957
Calculate the remainder when 8955133 is divided by 35.
33
Calculate the remainder when 42135277 is divided by 553.
548
Calculate the remainder when 2535498 is divided by 714.
84
Calculate the remainder when 2327278 is divided by 49.
23
Calculate the remainder when 15858658 is divided by 28.
18
What is the remainder when 1021216 is divided by 17?
9
What is the remainder when 6586 is divided by 1840?
1066
What is the remainder when 3071 is divided by 1503?
65
What is the remainder when 6621 is divided by 150?
21
What is the remainder when 965287 is divided by 13?
11
What is the remainder when 64031515 is divided by 190?
185
Calculate the remainder when 103541 is divided by 2019.
572
Calculate the remainder when 2517790 is divided by 1207.
1195
What is the remainder when 1198187 is divided by 347?
343
What is the remainder when 1460032 is divided by 69?
61
Calculate the remainder when 1899398 is divided by 75.
23
What is the remainder when 1935735 is divided by 3983?
3980
Calculate the remainder when 5031151 is divided by 503113.
21
What is the remainder when 537620356 is divided by 2021?
2020
What is the remainder when 281167 is divided by 140499?
169
Calculate the remainder when 58793 is divided by 4859.
485
Calculate the remainder when 398903 is divided by 1317.
1169
Calculate the remainder when 1674527 is divided by 1674516.
11
Calculate the remainder when 275703 is divided by 38.
13
What is the remainder when 4099520 is divided by 2928?
320
Calculate the remainder when 847029 is divided by 281536.
2421
What is the remainder when 4255784 is divided by 709295?
14
Calculate the remainder when 63701 is divided by 286.
209
What is the remainder when 47900740 is divided by 266?
258
Calculate the remainder when 239571942 is divided by 231.
225
Calculate the remainder when 9255 is divided by 50.
5
Calculate the remainder when 13763 is divided by 13720.
43
Calculate the remainder when 220742 is divided by 751.
699
Calculate the remainder when 29110583 is divided by 1974.
5
Calculate the remainder when 209050 is divided by 345.
325
Calculate the remainder when 7694060 is divided by 33164.
12
Calculate the remainder when 1705677 is divided by 185.
162
What is the remainder when 40492 is divided by 1784?
1244
Calculate the remainder when 8093110 is divided by 90931.
251
Calculate the remainder when 25008343 is divided by 112.
87
What is the remainder when 16478212 is divided by 165?
157
What is the remainder when 5979630 is divided by 6?
0
Calculate the remainder when 896662 is divided by 448318.
26
What is the remainder when 2557714 is divided by 9725?
39
What is the remainder when 6527413 is divided by 1493?
17
What is the remainder when 168336 is divided by 8007?
189
Calculate the remainder when 233302 is divided by 2005.
722
What is the remainder when 3220778 is divided by 169471?
829
Calculate the remainder when 1350031 is divided by 1426.
1035
Calculate the remainder when 308547 is divided by 308436.
111
What is the remainder when 187809 is divided by 31300?
9
What is the remainder when 308734700 is divided by 2852?
2848
What is the remainder when 2585468 is divided by 369352?
4
What is the remainder when 359446 is divided by 15?
1
Calculate the remainder when 2764480 is divided by 317.
240
What is the remainder when 8400 is divided by 1774?
1304
What is the remainder when 1538119 is divided by 2262?
2221
Calculate the remainder when 323647 is divided by 334.
1
Calculate the remainder when 180667 is divided by 1631.
1257
Calculate the remainder when 18039593 is divided by 4509897.
5
What is the remainder when 1333826 is divided by 695?
121
What is the remainder when 276344 is divided by 18407?
239
Calculate the remainder when 354616 is divided by 48.
40
Calculate the remainder when 1904633 is divided by 86.
77
What is the remainder when 1672545 is divided by 12?
9
Calculate the remainder when 245935 is divided by 27320.
55
Calculate the remainder when 27343807 is divided by 13.
10
What is the remainder when 660851 is divided by 15093?
11852
Calculate the remainder when 3618559 is divided by 38909.
22
Calculate the remainder when 299740 is divided by 299598.
142
Calculate the remainder when 64995 is divided by 15912.
1347
What is the remainder when 1486484 is divided by 46?
40
What is the remainder when 1150812 is divided by 336?
12
What is the remainder when 7075488 is divided by 833?
819
Calculate the remainder when 44145 is divided by 202.
109
What is the remainder when 89142 is divided by 14787?
420